{"id":10,"date":"2021-10-06T13:55:34","date_gmt":"2021-10-06T11:55:34","guid":{"rendered":"https:\/\/nordimet-se.medicalaffairs.se\/allmanhet\/?page_id=10"},"modified":"2022-02-03T14:41:18","modified_gmt":"2022-02-03T13:41:18","slug":"psoriasisartrit","status":"publish","type":"page","link":"https:\/\/nordimet-se.medicalaffairs.se\/allmanhet\/psoriasisartrit\/","title":{"rendered":"Psoriasisartrit"},"content":{"rendered":"\n<h1 class=\"wp-block-heading\">Om Psoriasisartrit<\/h1>\n\n\n\n<p>Psoriasisartrit \u00e4r en kronisk inflammatorisk ledsjukdom, n\u00e4ra besl\u00e4ktad med hudsjukdomen psoriasis och drabbar upp till 45 % av alla som har psoriasis. Sjukdomen kan vara mild och \u00f6verg\u00e5ende och angripa ett f\u00e5tal leder eller, i vissa fall, vara mycket aggressiv och angripa ett flertal leder. Insjuknandet kan ske i alla \u00e5ldrar men \u00e4r vanligast mellan 30-55 \u00e5r och \u00e4r lika vanligt hos kvinnor som hos m\u00e4n.<\/p>\n","protected":false},"excerpt":{"rendered":"<p>Psoriasisartrit \u00e4r en kronisk inflammatorisk ledsjukdom, n\u00e4ra besl\u00e4ktad med hudsjukdomen psoriasis.<\/p>\n","protected":false},"author":1,"featured_media":28,"parent":0,"menu_order":20,"comment_status":"closed","ping_status":"closed","template":"page-about.php","meta":{"footnotes":""},"class_list":["post-10","page","type-page","status-publish","has-post-thumbnail","hentry"],"acf":[],"_links":{"self":[{"href":"https:\/\/nordimet-se.medicalaffairs.se\/allmanhet\/wp-json\/wp\/v2\/pages\/10","targetHints":{"allow":["GET"]}}],"collection":[{"href":"https:\/\/nordimet-se.medicalaffairs.se\/allmanhet\/wp-json\/wp\/v2\/pages"}],"about":[{"href":"https:\/\/nordimet-se.medicalaffairs.se\/allmanhet\/wp-json\/wp\/v2\/types\/page"}],"author":[{"embeddable":true,"href":"https:\/\/nordimet-se.medicalaffairs.se\/allmanhet\/wp-json\/wp\/v2\/users\/1"}],"replies":[{"embeddable":true,"href":"https:\/\/nordimet-se.medicalaffairs.se\/allmanhet\/wp-json\/wp\/v2\/comments?post=10"}],"version-history":[{"count":12,"href":"https:\/\/nordimet-se.medicalaffairs.se\/allmanhet\/wp-json\/wp\/v2\/pages\/10\/revisions"}],"predecessor-version":[{"id":110,"href":"https:\/\/nordimet-se.medicalaffairs.se\/allmanhet\/wp-json\/wp\/v2\/pages\/10\/revisions\/110"}],"wp:featuredmedia":[{"embeddable":true,"href":"https:\/\/nordimet-se.medicalaffairs.se\/allmanhet\/wp-json\/wp\/v2\/media\/28"}],"wp:attachment":[{"href":"https:\/\/nordimet-se.medicalaffairs.se\/allmanhet\/wp-json\/wp\/v2\/media?parent=10"}],"curies":[{"name":"wp","href":"https:\/\/api.w.org\/{rel}","templated":true}]}}